{"id":12,"date":"2024-10-01T23:06:00","date_gmt":"2024-10-01T21:06:00","guid":{"rendered":"http:\/\/atelimn.cluster027.hosting.ovh.net\/?page_id=12"},"modified":"2026-04-18T23:34:03","modified_gmt":"2026-04-18T21:34:03","slug":"presse","status":"publish","type":"page","link":"https:\/\/atelier-des-butinees.fr\/index.php\/presse\/","title":{"rendered":"Presse"},"content":{"rendered":"\n<div class=\"wp-block-columns is-layout-flex wp-container-core-columns-is-layout-9d6595d7 wp-block-columns-is-layout-flex\">\n<div class=\"wp-block-column is-layout-flow wp-block-column-is-layout-flow\" style=\"flex-basis:66.66%\">\n<h5 class=\"wp-block-heading\"><strong>2024 \/ Jardins secs :<\/strong> S\u2019adapter au manque d\u2019eau chez Terre Vivante de Brigitte et Serge Lapouge <\/h5>\n\n\n\n<p>Nouvelle \u00e9dition revue et mise au go\u00fbt du jour, Le jardin, le prebyt\u00e8re des gardes robes pr\u00e9sent\u00e9 il y a 12 ans dans l&rsquo;\u00e9dition pr\u00e9c\u00e9dente aura bien grandit et vie d\u00e9sormais sa propre aventure. Ci dessous la s\u00e9rie de mes photographies choisies pour l&rsquo;ouvrage t\u00e9moignent de sa belle \u00e9volution. <strong><em>A venir<\/em><\/strong><\/p>\n<\/div>\n\n\n\n<div class=\"wp-block-column is-layout-flow wp-block-column-is-layout-flow\" style=\"flex-basis:33.33%\">\n<figure data-wp-context=\"{&quot;imageId&quot;:&quot;69ea2fe815f97&quot;}\" data-wp-interactive=\"core\/image\" data-wp-key=\"69ea2fe815f97\" class=\"wp-block-image size-full wp-lightbox-container\"><img loading=\"lazy\" decoding=\"async\" width=\"337\" height=\"500\" data-wp-class--hide=\"state.isContentHidden\" data-wp-class--show=\"state.isContentVisible\" data-wp-init=\"callbacks.setButtonStyles\" data-wp-on--click=\"actions.showLightbox\" data-wp-on--load=\"callbacks.setButtonStyles\" data-wp-on-window--resize=\"callbacks.setButtonStyles\" src=\"http:\/\/atelimn.cluster027.hosting.ovh.net\/wp-content\/uploads\/2025\/06\/Jardins-sec-2eme-edition.jpg\" alt=\"\" class=\"wp-image-453\" srcset=\"https:\/\/atelier-des-butinees.fr\/wp-content\/uploads\/2025\/06\/Jardins-sec-2eme-edition.jpg 337w, https:\/\/atelier-des-butinees.fr\/wp-content\/uploads\/2025\/06\/Jardins-sec-2eme-edition-202x300.jpg 202w\" sizes=\"auto, (max-width: 337px) 100vw, 337px\" \/><button\n\t\t\tclass=\"lightbox-trigger\"\n\t\t\ttype=\"button\"\n\t\t\taria-haspopup=\"dialog\"\n\t\t\taria-label=\"Agrandir\"\n\t\t\tdata-wp-init=\"callbacks.initTriggerButton\"\n\t\t\tdata-wp-on--click=\"actions.showLightbox\"\n\t\t\tdata-wp-style--right=\"state.imageButtonRight\"\n\t\t\tdata-wp-style--top=\"state.imageButtonTop\"\n\t\t>\n\t\t\t<svg xmlns=\"http:\/\/www.w3.org\/2000\/svg\" width=\"12\" height=\"12\" fill=\"none\" viewBox=\"0 0 12 12\">\n\t\t\t\t<path fill=\"#fff\" d=\"M2 0a2 2 0 0 0-2 2v2h1.5V2a.5.5 0 0 1 .5-.5h2V0H2Zm2 10.5H2a.5.5 0 0 1-.5-.5V8H0v2a2 2 0 0 0 2 2h2v-1.5ZM8 12v-1.5h2a.5.5 0 0 0 .5-.5V8H12v2a2 2 0 0 1-2 2H8Zm2-12a2 2 0 0 1 2 2v2h-1.5V2a.5.5 0 0 0-.5-.5H8V0h2Z\" \/>\n\t\t\t<\/svg>\n\t\t<\/button><\/figure>\n<\/div>\n<\/div>\n\n\n\n<div class=\"wp-block-columns is-layout-flex wp-container-core-columns-is-layout-9d6595d7 wp-block-columns-is-layout-flex\">\n<div class=\"wp-block-column is-layout-flow wp-block-column-is-layout-flow\" style=\"flex-basis:66.66%\">\n<h5 class=\"wp-block-heading\"><strong>2017 \/ L\u2019Ami des Jardins<\/strong> de septembre<\/h5>\n<\/div>\n\n\n\n<div class=\"wp-block-column is-layout-flow wp-block-column-is-layout-flow\" style=\"flex-basis:33.33%\">\n<figure data-wp-context=\"{&quot;imageId&quot;:&quot;69ea2fe8169eb&quot;}\" data-wp-interactive=\"core\/image\" data-wp-key=\"69ea2fe8169eb\" class=\"wp-block-image size-full wp-lightbox-container\"><img loading=\"lazy\" decoding=\"async\" width=\"120\" height=\"157\" data-wp-class--hide=\"state.isContentHidden\" data-wp-class--show=\"state.isContentVisible\" data-wp-init=\"callbacks.setButtonStyles\" data-wp-on--click=\"actions.showLightbox\" data-wp-on--load=\"callbacks.setButtonStyles\" data-wp-on-window--resize=\"callbacks.setButtonStyles\" src=\"http:\/\/atelier-des-butinees.fr\/wp-content\/uploads\/2025\/05\/image-3.png\" alt=\"\" class=\"wp-image-107\"\/><button\n\t\t\tclass=\"lightbox-trigger\"\n\t\t\ttype=\"button\"\n\t\t\taria-haspopup=\"dialog\"\n\t\t\taria-label=\"Agrandir\"\n\t\t\tdata-wp-init=\"callbacks.initTriggerButton\"\n\t\t\tdata-wp-on--click=\"actions.showLightbox\"\n\t\t\tdata-wp-style--right=\"state.imageButtonRight\"\n\t\t\tdata-wp-style--top=\"state.imageButtonTop\"\n\t\t>\n\t\t\t<svg xmlns=\"http:\/\/www.w3.org\/2000\/svg\" width=\"12\" height=\"12\" fill=\"none\" viewBox=\"0 0 12 12\">\n\t\t\t\t<path fill=\"#fff\" d=\"M2 0a2 2 0 0 0-2 2v2h1.5V2a.5.5 0 0 1 .5-.5h2V0H2Zm2 10.5H2a.5.5 0 0 1-.5-.5V8H0v2a2 2 0 0 0 2 2h2v-1.5ZM8 12v-1.5h2a.5.5 0 0 0 .5-.5V8H12v2a2 2 0 0 1-2 2H8Zm2-12a2 2 0 0 1 2 2v2h-1.5V2a.5.5 0 0 0-.5-.5H8V0h2Z\" \/>\n\t\t\t<\/svg>\n\t\t<\/button><\/figure>\n<\/div>\n<\/div>\n\n\n\n<div class=\"wp-block-columns is-layout-flex wp-container-core-columns-is-layout-9d6595d7 wp-block-columns-is-layout-flex\">\n<div class=\"wp-block-column is-layout-flow wp-block-column-is-layout-flow\" style=\"flex-basis:66.66%\">\n<h5 class=\"wp-block-heading\"><strong>2016 \/ Maisons Normandie<\/strong> d\u2019avril \/ mai<\/h5>\n<\/div>\n\n\n\n<div class=\"wp-block-column is-layout-flow wp-block-column-is-layout-flow\" style=\"flex-basis:33.33%\">\n<figure data-wp-context=\"{&quot;imageId&quot;:&quot;69ea2fe816f86&quot;}\" data-wp-interactive=\"core\/image\" data-wp-key=\"69ea2fe816f86\" class=\"wp-block-image size-full wp-lightbox-container\"><img loading=\"lazy\" decoding=\"async\" width=\"120\" height=\"165\" data-wp-class--hide=\"state.isContentHidden\" data-wp-class--show=\"state.isContentVisible\" data-wp-init=\"callbacks.setButtonStyles\" data-wp-on--click=\"actions.showLightbox\" data-wp-on--load=\"callbacks.setButtonStyles\" data-wp-on-window--resize=\"callbacks.setButtonStyles\" src=\"http:\/\/atelier-des-butinees.fr\/wp-content\/uploads\/2025\/05\/image-2.png\" alt=\"\" class=\"wp-image-106\"\/><button\n\t\t\tclass=\"lightbox-trigger\"\n\t\t\ttype=\"button\"\n\t\t\taria-haspopup=\"dialog\"\n\t\t\taria-label=\"Agrandir\"\n\t\t\tdata-wp-init=\"callbacks.initTriggerButton\"\n\t\t\tdata-wp-on--click=\"actions.showLightbox\"\n\t\t\tdata-wp-style--right=\"state.imageButtonRight\"\n\t\t\tdata-wp-style--top=\"state.imageButtonTop\"\n\t\t>\n\t\t\t<svg xmlns=\"http:\/\/www.w3.org\/2000\/svg\" width=\"12\" height=\"12\" fill=\"none\" viewBox=\"0 0 12 12\">\n\t\t\t\t<path fill=\"#fff\" d=\"M2 0a2 2 0 0 0-2 2v2h1.5V2a.5.5 0 0 1 .5-.5h2V0H2Zm2 10.5H2a.5.5 0 0 1-.5-.5V8H0v2a2 2 0 0 0 2 2h2v-1.5ZM8 12v-1.5h2a.5.5 0 0 0 .5-.5V8H12v2a2 2 0 0 1-2 2H8Zm2-12a2 2 0 0 1 2 2v2h-1.5V2a.5.5 0 0 0-.5-.5H8V0h2Z\" \/>\n\t\t\t<\/svg>\n\t\t<\/button><\/figure>\n<\/div>\n<\/div>\n\n\n\n<div class=\"wp-block-columns is-layout-flex wp-container-core-columns-is-layout-9d6595d7 wp-block-columns-is-layout-flex\">\n<div class=\"wp-block-column is-layout-flow wp-block-column-is-layout-flow\" style=\"flex-basis:66.66%\">\n<h5 class=\"wp-block-heading\"><strong>2016 \/ Pays du Perche :<\/strong> Hors s\u00e9rie n\u00b07 : Les Jardins<\/h5>\n\n\n\n<p>Belle publication sur le monde des jardins du Perche, et bel article sur le jardin du presbyt\u00e8re des gardes robes. <\/p>\n<\/div>\n\n\n\n<div class=\"wp-block-column is-layout-flow wp-block-column-is-layout-flow\" style=\"flex-basis:33.33%\">\n<figure data-wp-context=\"{&quot;imageId&quot;:&quot;69ea2fe81754d&quot;}\" data-wp-interactive=\"core\/image\" data-wp-key=\"69ea2fe81754d\" class=\"wp-block-image size-full wp-lightbox-container\"><img loading=\"lazy\" decoding=\"async\" width=\"298\" height=\"325\" data-wp-class--hide=\"state.isContentHidden\" data-wp-class--show=\"state.isContentVisible\" data-wp-init=\"callbacks.setButtonStyles\" data-wp-on--click=\"actions.showLightbox\" data-wp-on--load=\"callbacks.setButtonStyles\" data-wp-on-window--resize=\"callbacks.setButtonStyles\" src=\"http:\/\/atelimn.cluster027.hosting.ovh.net\/wp-content\/uploads\/2025\/06\/page-press-pays-perche-jardins.jpg\" alt=\"\" class=\"wp-image-748\" srcset=\"https:\/\/atelier-des-butinees.fr\/wp-content\/uploads\/2025\/06\/page-press-pays-perche-jardins.jpg 298w, https:\/\/atelier-des-butinees.fr\/wp-content\/uploads\/2025\/06\/page-press-pays-perche-jardins-275x300.jpg 275w\" sizes=\"auto, (max-width: 298px) 100vw, 298px\" \/><button\n\t\t\tclass=\"lightbox-trigger\"\n\t\t\ttype=\"button\"\n\t\t\taria-haspopup=\"dialog\"\n\t\t\taria-label=\"Agrandir\"\n\t\t\tdata-wp-init=\"callbacks.initTriggerButton\"\n\t\t\tdata-wp-on--click=\"actions.showLightbox\"\n\t\t\tdata-wp-style--right=\"state.imageButtonRight\"\n\t\t\tdata-wp-style--top=\"state.imageButtonTop\"\n\t\t>\n\t\t\t<svg xmlns=\"http:\/\/www.w3.org\/2000\/svg\" width=\"12\" height=\"12\" fill=\"none\" viewBox=\"0 0 12 12\">\n\t\t\t\t<path fill=\"#fff\" d=\"M2 0a2 2 0 0 0-2 2v2h1.5V2a.5.5 0 0 1 .5-.5h2V0H2Zm2 10.5H2a.5.5 0 0 1-.5-.5V8H0v2a2 2 0 0 0 2 2h2v-1.5ZM8 12v-1.5h2a.5.5 0 0 0 .5-.5V8H12v2a2 2 0 0 1-2 2H8Zm2-12a2 2 0 0 1 2 2v2h-1.5V2a.5.5 0 0 0-.5-.5H8V0h2Z\" \/>\n\t\t\t<\/svg>\n\t\t<\/button><\/figure>\n<\/div>\n<\/div>\n\n\n\n<div class=\"wp-block-columns is-layout-flex wp-container-core-columns-is-layout-9d6595d7 wp-block-columns-is-layout-flex\">\n<div class=\"wp-block-column is-layout-flow wp-block-column-is-layout-flow\" style=\"flex-basis:66.66%\">\n<h5 class=\"wp-block-heading\"><strong>2012 \/ Jardins secs :<\/strong> S\u2019adapter au manque d\u2019eau chez Terre Vivante de Brigitte et Serge Lapouge<\/h5>\n\n\n\n<p>Reportage sur le jardin de l\u2019Hermiti\u00e8re, presbyt\u00e8re des gardes et ces sp\u00e9cificit\u00e9s. Bien que le jardin est beaucoup \u00e9volu\u00e9 depuis, tout est dit sur la gestion de ce milieu et l\u2019approche de son sol. Pour les curieux ci dessous les pages en pdf de l\u2019article. Et pour aller plus loin, je recommande bien s\u00fbr la lecture de ce livre. Par ces diff\u00e9rents exemples concrets et solutions p\u00e9dagogiques il nous permet de saisir qu\u2019il y a dans le sec comme dans tout les milieux, l\u00e0 aussi bien des nuances et subtilit\u00e9s. Apprendre \u00e0 les conna\u00eetre et jardiner dans ce sens permet de transformer ce qui aurait pu para\u00eetre comme une grande contrainte en une sacr\u00e9 aubaine.<\/p>\n\n\n\n<p>Jardins secs, Le jardin de l\u2019Hermiti\u00e8re, <em>le presbyt\u00e8re des gardes robes, <\/em><\/p>\n<\/div>\n\n\n\n<div class=\"wp-block-column is-layout-flow wp-block-column-is-layout-flow\" style=\"flex-basis:33.33%\">\n<figure data-wp-context=\"{&quot;imageId&quot;:&quot;69ea2fe817c52&quot;}\" data-wp-interactive=\"core\/image\" data-wp-key=\"69ea2fe817c52\" class=\"wp-block-image size-full wp-lightbox-container\"><img loading=\"lazy\" decoding=\"async\" width=\"474\" height=\"680\" data-wp-class--hide=\"state.isContentHidden\" data-wp-class--show=\"state.isContentVisible\" data-wp-init=\"callbacks.setButtonStyles\" data-wp-on--click=\"actions.showLightbox\" data-wp-on--load=\"callbacks.setButtonStyles\" data-wp-on-window--resize=\"callbacks.setButtonStyles\" src=\"http:\/\/atelimn.cluster027.hosting.ovh.net\/wp-content\/uploads\/2025\/06\/th-3520627921.jpg\" alt=\"\" class=\"wp-image-449\" srcset=\"https:\/\/atelier-des-butinees.fr\/wp-content\/uploads\/2025\/06\/th-3520627921.jpg 474w, https:\/\/atelier-des-butinees.fr\/wp-content\/uploads\/2025\/06\/th-3520627921-209x300.jpg 209w\" sizes=\"auto, (max-width: 474px) 100vw, 474px\" \/><button\n\t\t\tclass=\"lightbox-trigger\"\n\t\t\ttype=\"button\"\n\t\t\taria-haspopup=\"dialog\"\n\t\t\taria-label=\"Agrandir\"\n\t\t\tdata-wp-init=\"callbacks.initTriggerButton\"\n\t\t\tdata-wp-on--click=\"actions.showLightbox\"\n\t\t\tdata-wp-style--right=\"state.imageButtonRight\"\n\t\t\tdata-wp-style--top=\"state.imageButtonTop\"\n\t\t>\n\t\t\t<svg xmlns=\"http:\/\/www.w3.org\/2000\/svg\" width=\"12\" height=\"12\" fill=\"none\" viewBox=\"0 0 12 12\">\n\t\t\t\t<path fill=\"#fff\" d=\"M2 0a2 2 0 0 0-2 2v2h1.5V2a.5.5 0 0 1 .5-.5h2V0H2Zm2 10.5H2a.5.5 0 0 1-.5-.5V8H0v2a2 2 0 0 0 2 2h2v-1.5ZM8 12v-1.5h2a.5.5 0 0 0 .5-.5V8H12v2a2 2 0 0 1-2 2H8Zm2-12a2 2 0 0 1 2 2v2h-1.5V2a.5.5 0 0 0-.5-.5H8V0h2Z\" \/>\n\t\t\t<\/svg>\n\t\t<\/button><\/figure>\n<\/div>\n<\/div>\n\n\n\n<div data-wp-interactive=\"core\/file\" class=\"wp-block-file\"><object data-wp-bind--hidden=\"!state.hasPdfPreview\" hidden class=\"wp-block-file__embed\" data=\"http:\/\/atelimn.cluster027.hosting.ovh.net\/wp-content\/uploads\/2025\/06\/jardins-sec-hermitiere.pdf\" type=\"application\/pdf\" style=\"width:100%;height:600px\" aria-label=\"Contenu embarqu\u00e9 jardins sec - hermitiere.\"><\/object><a id=\"wp-block-file--media-a1f2b187-85a1-410d-8c3b-0299b068e5e4\" href=\"http:\/\/atelimn.cluster027.hosting.ovh.net\/wp-content\/uploads\/2025\/06\/jardins-sec-hermitiere.pdf\">jardins sec &#8211; hermitiere<\/a><a href=\"http:\/\/atelimn.cluster027.hosting.ovh.net\/wp-content\/uploads\/2025\/06\/jardins-sec-hermitiere.pdf\" class=\"wp-block-file__button wp-element-button\" download aria-describedby=\"wp-block-file--media-a1f2b187-85a1-410d-8c3b-0299b068e5e4\">T\u00e9l\u00e9charger<\/a><\/div>\n\n\n\n<p>Flyers et encarts<\/p>\n\n\n\n<figure data-wp-context=\"{&quot;imageId&quot;:&quot;69ea2fe8183e6&quot;}\" data-wp-interactive=\"core\/image\" data-wp-key=\"69ea2fe8183e6\" class=\"wp-block-image size-full wp-lightbox-container\"><img loading=\"lazy\" decoding=\"async\" width=\"700\" height=\"522\" data-wp-class--hide=\"state.isContentHidden\" data-wp-class--show=\"state.isContentVisible\" data-wp-init=\"callbacks.setButtonStyles\" data-wp-on--click=\"actions.showLightbox\" data-wp-on--load=\"callbacks.setButtonStyles\" data-wp-on-window--resize=\"callbacks.setButtonStyles\" src=\"http:\/\/atelimn.cluster027.hosting.ovh.net\/wp-content\/uploads\/2025\/05\/image-4.png\" alt=\"\" class=\"wp-image-108\" srcset=\"https:\/\/atelier-des-butinees.fr\/wp-content\/uploads\/2025\/05\/image-4.png 700w, https:\/\/atelier-des-butinees.fr\/wp-content\/uploads\/2025\/05\/image-4-300x224.png 300w\" sizes=\"auto, (max-width: 700px) 100vw, 700px\" \/><button\n\t\t\tclass=\"lightbox-trigger\"\n\t\t\ttype=\"button\"\n\t\t\taria-haspopup=\"dialog\"\n\t\t\taria-label=\"Agrandir\"\n\t\t\tdata-wp-init=\"callbacks.initTriggerButton\"\n\t\t\tdata-wp-on--click=\"actions.showLightbox\"\n\t\t\tdata-wp-style--right=\"state.imageButtonRight\"\n\t\t\tdata-wp-style--top=\"state.imageButtonTop\"\n\t\t>\n\t\t\t<svg xmlns=\"http:\/\/www.w3.org\/2000\/svg\" width=\"12\" height=\"12\" fill=\"none\" viewBox=\"0 0 12 12\">\n\t\t\t\t<path fill=\"#fff\" d=\"M2 0a2 2 0 0 0-2 2v2h1.5V2a.5.5 0 0 1 .5-.5h2V0H2Zm2 10.5H2a.5.5 0 0 1-.5-.5V8H0v2a2 2 0 0 0 2 2h2v-1.5ZM8 12v-1.5h2a.5.5 0 0 0 .5-.5V8H12v2a2 2 0 0 1-2 2H8Zm2-12a2 2 0 0 1 2 2v2h-1.5V2a.5.5 0 0 0-.5-.5H8V0h2Z\" \/>\n\t\t\t<\/svg>\n\t\t<\/button><\/figure>\n","protected":false},"excerpt":{"rendered":"<p>2024 \/ Jardins secs : S\u2019adapter au manque d\u2019eau chez Terre Vivante de Brigitte et Serge Lapouge Nouvelle \u00e9dition revue et mise au go\u00fbt du jour, Le jardin, le prebyt\u00e8re des gardes robes pr\u00e9sent\u00e9 il y a 12 ans dans l&rsquo;\u00e9dition pr\u00e9c\u00e9dente aura bien grandit et vie d\u00e9sormais sa propre aventure. Ci dessous la s\u00e9rie [&hellip;]<\/p>\n","protected":false},"author":1,"featured_media":0,"parent":0,"menu_order":0,"comment_status":"closed","ping_status":"closed","template":"","meta":{"footnotes":""},"class_list":["post-12","page","type-page","status-publish","hentry"],"_links":{"self":[{"href":"https:\/\/atelier-des-butinees.fr\/index.php\/wp-json\/wp\/v2\/pages\/12","targetHints":{"allow":["GET"]}}],"collection":[{"href":"https:\/\/atelier-des-butinees.fr\/index.php\/wp-json\/wp\/v2\/pages"}],"about":[{"href":"https:\/\/atelier-des-butinees.fr\/index.php\/wp-json\/wp\/v2\/types\/page"}],"author":[{"embeddable":true,"href":"https:\/\/atelier-des-butinees.fr\/index.php\/wp-json\/wp\/v2\/users\/1"}],"replies":[{"embeddable":true,"href":"https:\/\/atelier-des-butinees.fr\/index.php\/wp-json\/wp\/v2\/comments?post=12"}],"version-history":[{"count":22,"href":"https:\/\/atelier-des-butinees.fr\/index.php\/wp-json\/wp\/v2\/pages\/12\/revisions"}],"predecessor-version":[{"id":815,"href":"https:\/\/atelier-des-butinees.fr\/index.php\/wp-json\/wp\/v2\/pages\/12\/revisions\/815"}],"wp:attachment":[{"href":"https:\/\/atelier-des-butinees.fr\/index.php\/wp-json\/wp\/v2\/media?parent=12"}],"curies":[{"name":"wp","href":"https:\/\/api.w.org\/{rel}","templated":true}]}}